s the greatest common factor of 16 and v?
16
Suppose 4*g + 11 = -9. Let k be g*(1 - (-6)/(-3)). Suppose -2*j + 3*j + 4*u - 18 = 0, -k*u = j - 22. Calculate the greatest common divisor of j and 10.
2
Let b(i) = 3*i**2 - 22*i + 42. Let a(o) = o**3 - 33*o**2 + 33*o - 26. Let s be a(32). Let x be b(s). Calculate the highest common divisor of 36 and x.
18
Suppose 2*d - 6*m = 218, -2*m + 244 + 108 = 4*d. What is the greatest common factor of d and 689?
13
Let a = 1 + -5. Let k(x) = -x**3 - 6*x**2 - 10*x - 5. Let q be k(a). Let c be (114/(-9))/((-2)/q) + -1. What is the highest common divisor of 12 and c?
6
Suppose -3*x + 0*x = z - 53, z + 15 = x. Let w(s) = 0*s + 0*s - 10 - 9*s. Let a be w(-3). Calculate the greatest common divisor of x and a.
17
Let r be (-1 - -2)*3 + 1676. Let y = -599 + r. Suppose y = 5*f + 5*f. What is the highest common divisor of f and 12?
12
Let z(n) = n**3 + 15*n**2 + 38*n + 99. Let b be z(-8). Calculate the highest common factor of 45 and b.
9
Suppose 4*n - 6*n + 5*l = -187, -3*n + 2*l = -286. Suppose 0 = -10*j + 12*j + n. Let s = 67 + j. Calculate the highest common divisor of s and 133.
19
Let i(c) = c**2 - c + 161. Let a be i(0). Suppose -2*u = -a - 91. Suppose 5*p = -4*v + 110, -3*v = p + v - 38. What is the highest common factor of p and u?
18
Let b(p) = 36*p + 1. Let y be b(2). Suppose 5*f = 2*x - 75, 5*f - 18 = 5*x - 78. Let j = f + y. Calculate the greatest common divisor of j and 8.
8
Let u(v) = 65*v**3 - v**2 - 5. Let p be u(2). Let a = 751 - p. Calculate the greatest common divisor of 15 and a.
15
Let f = 1 - -1. Let r be (-6)/(6/f) - (-12 - -1). Let w be (r/18)/((-2)/(-76)) + -2. Calculate the highest common factor of 153 and w.
17
Let q = 10 + -4. Suppose -13*h = -14*h + 1256. Suppose 256 + h = 28*i. Calculate the highest common factor of q and i.
6
Let g be (12/15)/(1/((-460)/(-8))). Suppose g = 5*c - 269. What is the greatest common factor of c and 27?
9
Suppose -18*t = 10 - 334. Let d be 46/12 - (-1)/6. Let l be (2 - 1) + (d - -34 - -6). What is the greatest common factor of t and l?
9
Suppose -2290*x = -2296*x + 60. Suppose 0 = 5*v - 3*v - 140. Calculate the highest common divisor of v and x.
10
Suppose -4*d + 28 = -2*a, 2 = -a - 0*a - 2*d. Let s be 17 + (a - (-3 + -7 + 5)). Calculate the greatest common factor of 98 and s.
14
Let w = 42 - 24. Let s(u) = -28*u - 12. Let x = -55 - -52. Let v be s(x). Calculate the greatest common divisor of w and v.
18
Let i(q) = q**3 + 7*q**2 - 5. Let j be i(-7). Let o be 160/j - (-1 - 1). Let z = o + 44. Calculate the greatest common factor of 98 and z.
14
Let a be (13/(858/(-363)))/((-1)/18). Calculate the greatest common divisor of a and 51.
3
Suppose -307*c + 1956 = 1528 - 4791. Let x be (-1376)/(-3) - (-1)/3. What is the greatest common factor of c and x?
17
Suppose 3*n + n - 4539 = -r, -31773 = -7*r - 4*n. What is the highest common divisor of 102 and r?
51
Let g = -5536 - -6004. Calculate the highest common factor of g and 180.
36
Let n(z) = 5*z**2 - 2*z - 4. Let f(x) = 22*x**2 - 9*x - 14. Let o(h) = -2*f(h) + 9*n(h). Let w be o(-8). What is the highest common factor of w and 42?
14
Suppose -2*o + 975 = 11*o. Let w = 102 - o. Calculate the greatest common factor of 108 and w.
27
Let a(o) = -15*o**3 - 4*o**2 - 3*o - 3. Let l be a(-5). Let i = l - 851. Suppose i = 3*d + 78. Calculate the highest common divisor of 26 and d.
26
Let n be (-83456)/(-26) - 138/(-897). Calculate the highest common factor of 45 and n.
15
Suppose 33*t - 312 = 4*t + 2559. What is the greatest common divisor of t and 405?
9
Let m = 31 + 6. Let a = 31 - m. Let h(p) = -5*p - 15. Let g be h(a). What is the greatest common factor of g and 20?
5
Let q = -10879 + 12463. What is the greatest common divisor of q and 308?
44
Suppose 3*v - 5*g = 655, 4*g - 15 = 7*g. Calculate the highest common divisor of 1960 and v.
70
Suppose 0*d = -p - 2*d + 36, -d = p - 38. Let j = 285 + -315. Let x be (-1)/3*(j + 6). What is the greatest common factor of x and p?
8
Let j(m) be the second derivative of 3*m**4/4 - m**3/6 - m**2 - 24*m - 5. Let t be j(-1). What is the greatest common divisor of t and 24?
8
Suppose -9*i - 4426 = -1411. Let q = i - -347. What is the highest common divisor of 114 and q?
6
Suppose 2782 = 4*h - t + 3*t, 3*h - 2076 = -5*t. What is the highest common factor of h and 68?
17
Let i = -45 + 120. Let q = i + -21. Calculate the highest common divisor of 63 and q.
9
Suppose 10*x + 2*f = -2*x + 239056, 3*x - 59782 = 4*f. What is the greatest common divisor of 28 and x?
14
Let w(t) = t**3 + 9*t**2 + 4*t - 4. Let q be w(-7). Suppose -13217 = -8*x - 11809. Calculate the highest common factor of x and q.
22
Let l = 70685 + -70477. Let o(h) = 13*h**3 - h**2 + h. Let k be o(1). Calculate the greatest common factor of l and k.
13
Let m(r) = r + 17. Let p be m(-17). Suppose 3*l + 3*c - 1701 = p, 9*c = -2*l + 4*c + 1125. Calculate the highest common divisor of 19 and l.
19
Let b be 1 - (0/2 - 1 - 3). Suppose 2*r = -b*r + 735. Calculate the highest common divisor of 21 and r.
21
Suppose -1379 = -4*s - 175. Let m = 501 - s. Calculate the greatest common divisor of 50 and m.
50
Suppose -9*i + 268 = 97. Let c(q) = -q**2 + 18*q + 40. Let s be c(i). Let z = 447 - 258. Calculate the greatest common factor of z and s.
21
Let y = 408 + -398. Let z(t) = -t**2 + 11*t - 4. Let m be z(9). Suppose -9*i - y = -m*i. Calculate the greatest common divisor of 6 and i.
2
Suppose -7*z - 131 = 100. Let u be ((-98)/(-42))/((-1)/z). Calculate the greatest common divisor of u and 77.
77
Suppose 12 - 511 = -5*o + r, -2*r - 107 = -o. What is the highest common divisor of 3729 and o?
33
Suppose 150*a - 156*a = 180. Let d be (a/6)/(8/(-24)). Calculate the greatest common divisor of d and 75.
15
Let d = 87 + -72. Let z be 10/d*((-11)/(-2) + -1). Suppose -4*t = z*j + j - 108, -2*j - t + 55 = 0. What is the highest common factor of 42 and j?
14
Let y be (-1*3)/(2/34). Let w = 1792 - 1819. Let d = w - y. Calculate the greatest common divisor of d and 48.
24
Let q(x) = -109*x - 429. Let w be q(-7). What is the greatest common factor of w and 34402?
334
Let s be -11*9*(-8)/132. Let n(f) = 11*f**2 - 8*f + 11. Let w be n(5). What is the highest common divisor of s and w?
6
Let a = -565 - -601. Suppose 14*q - 18 = 13*q. Calculate the highest common factor of q and a.
18
Let u be (-18)/189*6 + (-610)/(-14). Calculate the greatest common factor of u and 3397.
43
Suppose -x = -3*n + 6, 12 = 3987*x - 3984*x - 4*n. Let i(u) = -132*u. Let z be i(-1). Suppose 2*q - q - z = 0. Calculate the greatest common factor of x and q.
12
Suppose 38572 + 33767 = 14*t + 22387. What is the greatest common divisor of 32 and t?
16
Let s be (9/(-12))/((434/336)/(-31)). Calculate the greatest common divisor of s and 192.
6
Let w = 156 - 162. Let h be ((-405)/(-9))/(w/(-8)). What is the highest common factor of 30 and h?
30
Let a = -61 + 119. Suppose 34*n + 3666 = 15295 + 13021. Calculate the highest common factor of a and n.
29
Suppose 11 = 3*b + 29. Let c = b + 18. Let n be (22 - -2)*(3/1 - 2). What is the highest common divisor of n and c?
12
Suppose -10*w = 40*w - 253350. What is the greatest common factor of w and 9?
9
Let p be ((-5)/(-2) + -3)/(5/(-30)). Suppose 5*m + p*c = 119, 2*m - 33 = -4*c + 23. What is the greatest common factor of m and 176?
22
Let u = 6 + -3. Suppose -3*s = -5*h + 21, -2*s - 5 + 1 = 0. Suppose 2*i - i + u*z - 147 = 0, h*i - 465 = 3*z. What is the greatest common divisor of i and 17?
17
Suppose 125*b - 4575 = 100*b. What is the highest common divisor of 3721 and b?
61
Let r(p) = -p**3 - 23*p**2 - 103*p + 91. Let c be r(-7). What is the highest common factor of c and 665?
7
Let n be (-22629)/(-9) - 3/9. Let b = -141 - -146. Suppose 0 = -7*r + 3*r + 2*x + 2016, b*r - n = 4*x. Calculate the highest common factor of 46 and r.
46
Let c = -30 + 33. Suppose -2*t + 7*t - 2*h = 341, -5*h - 197 = -c*t. Let j = t + -64. What is the greatest common divisor of j and 20?
5
Let t(h) = -22*h + 682. Let m be t(11). Calculate the greatest common divisor of 15 and m.
5
Suppose -396 - 710 = 2*a + d, -5*a + 5*d - 2780 = 0. Let y be (-10)/25 - a/10. What is the greatest common divisor of y and 605?
55
Suppose 802 = 3*w - 2*k, 5*w - 4*k + 5*k = 1354. Suppose 0 